be w(3). Let y = h + -60. Calculate the greatest common divisor of y and t.
4
Let z be 2572/11 + (32 - 1050/33). Calculate the greatest common divisor of 3120 and z.
78
Let s be 166 - 380/(95/5). What is the greatest common divisor of 2336 and s?
146
Let h(w) = -12*w**3 + 3*w**2 + 4*w + 1. Let t be h(-1). Let d be (-6 - t)/(2/6). Let k be 6*(d/12)/(-3). Calculate the greatest common factor of 99 and k.
9
Suppose 1805*v - 189 = -3*s + 1800*v, 0*v = v. What is the greatest common divisor of s and 224?
7
Suppose -48*p = -44*p. Suppose -5*l = -2*r - p*r - 6434, 5*l + r = 6428. Let o be 2/14*l - 40/(-140). What is the highest common divisor of 46 and o?
46
Let v = 618 - 275. Suppose -3*f + 95 = 5*h - 72, -29 = -f + 5*h. Calculate the greatest common divisor of f and v.
49
Let y = -343 + 338. Let u(n) = -8*n + 32. Let q be u(y). What is the greatest common factor of 27 and q?
9
Let l(r) = 323*r + 1415. Let w be l(-4). What is the greatest common factor of w and 5699?
41
Suppose 28 = 4*n + 2*j - 144, 0 = 3*n + 5*j - 136. Calculate the highest common divisor of 322 and n.
14
Let u = 8222 + -5834. Calculate the highest common divisor of u and 12.
12
Let k(q) = -17*q - 104. Let m be -25 - (5 - 42/10)*-5. Let p be k(m). What is the greatest common factor of 11 and p?
11
Let p be (-3)/9 + 5770/270*9. Calculate the greatest common divisor of 10176 and p.
192
Let u be (4 + -6)/(1/16). Let t = -20 - u. Suppose -t = -3*i + 12. Calculate the highest common divisor of i and 8.
8
Let w(z) = z**3 + 6*z**2 + z + 2. Suppose 2*c + 8 = 4*n, -2*n - 3*c - 8 = -c. Let d be w(n). Calculate the greatest common factor of 26 and d.
2
Suppose -d + 10 = -5*u + 21, 0 = 5*d + 2*u - 26. Let t be (-2)/(d + (-9)/2) - 2. Suppose t*f - 3*f + 66 = 0. What is the greatest common factor of f and 165?
33
Let c(u) = u**2 + 4*u - 21. Let h be c(-7). Let w be 12/(-3) - h - -6. Let l(b) = 3*b - 1. Let g be l(1). What is the highest common factor of w and g?
2
Let y be ((-2)/9)/((-21)/189). Suppose -3*k + 57 = 5*z, y*z - 26 = -3*k + 4. Calculate the highest common factor of 243 and z.
9
Let t(w) = -84*w**3 - 13*w**2 + w + 15. Let b be t(-2). Calculate the greatest common divisor of 6541 and b.
211
Let x(r) = r**2 + r - 30. Let a be x(5). Suppose a = 5*d - 305 - 1965. Let b = 652 - d. Calculate the greatest common factor of 18 and b.
18
Let w = 2928 + 946. What is the greatest common factor of w and 13?
13
Suppose 0 = 131*c - 133*c - 3*h + 444, c + h - 223 = 0. Calculate the highest common divisor of 243 and c.
9
Let g = 15 - -7. Let c(p) = 3*p**3 - 2*p**2 + 3*p + 4. Let o = -16 + 20. Let j be c(o). What is the greatest common divisor of j and g?
22
Suppose 14*x = 58*x - 14168. What is the greatest common divisor of 3082 and x?
46
Let q be (-1)/6 + (-2020)/120 + 19. Calculate the greatest common divisor of 802 and q.
2
Let s(h) = h**3 + 19*h**2 + 19*h + 17. Let i be s(-18). Let f be 57/19*i/((-6)/16). What is the greatest common divisor of f and 64?
8
Let n(f) = 2*f - 14. Let x be n(8). Suppose -x*s + 4*s - 116 = -3*d, 0 = -4*s - 2*d + 240. Let h = 77 - s. Calculate the greatest common divisor of 128 and h.
16
Suppose -3*n - 532 = -14*n + 788. Calculate the greatest common factor of n and 64.
8
Let h = -14523 - -16619. Calculate the greatest common divisor of h and 80.
16
Let r = 674 - 432. What is the highest common factor of 44 and r?
22
Suppose 6*b - 9*b + 24 = 0. Let n(j) = -12*j + 18*j + 11 - b*j. Let p be n(5). What is the greatest common factor of 3 and p?
1
Let g(p) = 71*p - 453. Let x be g(7). Let u(j) = j**2 + 16*j + 5. Let r be u(-17). What is the highest common factor of r and x?
22
Suppose -5 = -5*x, -5*x + 23 - 6 = u. Let s be (10/6 - -1)*(-81)/(-54). Calculate the greatest common factor of u and s.
4
Suppose 5 + 5 = 2*o. Suppose -2*j = s - 40 - 36, 0 = -3*s - 3*j + 216. Suppose 5*x + 3 = 2*x, -2*a - 2*x = -s. What is the highest common factor of o and a?
5
Suppose 32 = -8*f - 8. Let v be f/25 + (-455)/(-25). What is the greatest common divisor of 42 and v?
6
Let l(i) = 19*i + 2. Let n be l(-3). Let c be ((-4)/6)/((-12)/(-234)) + 4. Let d be 6/c*(-5 + n). What is the highest common divisor of 10 and d?
10
Let w = 32 - -3. Let r be 46/138 + 11/3. Suppose -r*g = -5*m + 4*m, -5*g - w = -3*m. Calculate the highest common divisor of m and 180.
20
Suppose -4*l - 5 = -7*l - 4*a, 5*l + 5*a = 10. Suppose -3*v = -m + 60, 6*v = 3*v + l. Calculate the highest common factor of 42 and m.
21
Suppose 1400 = 2*c + 2*v, 5*c - 2*v - 3472 = -0*c. What is the greatest common divisor of 957 and c?
87
Suppose 380 = 2*j - 0*s + 2*s, -3*j + 605 = -4*s. Let t = j + -160. What is the highest common divisor of t and 350?
35
Let p be (0 + 18)*(-2 + (-40)/(-12)). Let a be 351/p - 3/(-8). Calculate the greatest common factor of a and 75.
15
Suppose -1249*j - 1254*j + 2479*j = -6720. What is the greatest common divisor of 1590 and j?
10
Let z(k) = -33*k + 400. Let t be z(12). Calculate the highest common divisor of t and 548.
4
Let o = -35 - -37. Suppose -4*p - 154 = -2*t, o*p + 2 = 10. Let z = t - 75. Calculate the highest common divisor of 4 and z.
2
Let u be 7/(-14) + (-2)/(-4). Suppose -2*s + u = -10. What is the greatest common divisor of 8 and s?
1
Suppose -22*k - 24378 = -23*k - 4*n, 5*k = 2*n + 121714. Calculate the greatest common factor of 188 and k.
94
Let w(i) = 25*i**3 - i**2 + 3*i - 2. Let k be w(2). Suppose -l + 84 = 4*p, 32*l - 33*l = 2*p - 82. Calculate the highest common factor of l and k.
40
Let o be 12/(-72) - 94/12 - -33. What is the highest common divisor of 6275 and o?
25
Let m be 126/56 + 3/4. Suppose -5*t + 285 = -2*q, -4*t + 5*q + 228 = 10*q. What is the greatest common divisor of t and m?
3
Let f(r) = 14*r**2 - 521*r + 2082. Let k be f(4). What is the highest common factor of 42 and k?
6
Let d = 72653 - 51236. What is the greatest common divisor of 59 and d?
59
Suppose 12 = -a - 2*j - 0, 4*a - j + 93 = 0. Let m(l) = -l**2 - 30*l - 34. Let c be m(a). Let u = c + -137. Calculate the greatest common factor of u and 55.
5
Suppose 69*a - 63*a = 252. Suppose 0*y = 3*y - 2*b - 44, 0 = -3*b - 3. What is the highest common divisor of a and y?
14
Let d(t) = 70*t - 464. Let m be d(8). Calculate the greatest common factor of 432 and m.
48
Let p be -98*(-4 - 102/12). Calculate the greatest common divisor of 49 and p.
49
Suppose 2*u - 3*u - 364 = -2*q, 0 = 4*u + 8. Let o = 196 - q. Calculate the highest common factor of o and 405.
15
Suppose 3*t = 12, -g - 3*t + 2 = -12. Suppose -g*m + 52 = -92. Calculate the highest common divisor of m and 84.
12
Let z be 2380/(-1428)*(2 + -154 + 2). Calculate the greatest common factor of z and 160.
10
Suppose 113*s + 5*w - 713 = 110*s, -5*s - 3*w = -1215. What is the greatest common factor of 42 and s?
6
Let w be (-36934)/(-2301) + (-8)/156. Suppose -r = -4*r + 768. What is the highest common factor of r and w?
16
Let g be (-4 + 168/20)/((-112)/(-560)). Suppose -3*t + 0*t = y - 14, 0 = 5*t - 5. What is the highest common divisor of y and g?
11
Let x(k) = 2*k**3 + 196*k**2 + 4*k + 446. Let t be x(-98). Calculate the greatest common factor of t and 108.
54
Suppose 0*z = -5*f - 3*z + 75, f = 3*z + 15. Let s(q) = q**2 + 9*q + 35. Let l be s(-14). Calculate the highest common divisor of f and l.
15
Let q = -643 + 675. Let a(p) = 46*p + 40. Let c be a(4). What is the greatest common divisor of c and q?
32
Suppose 0 = -4*c + 3*y + 4679, 17*c - 13*c - 4678 = 2*y. Calculate the highest common factor of c and 14.
7
Let t = 195 + -189. Let c(r) = -r + 56. Let z be c(t). Suppose 4*o - 308 = -2*f, -5*f - 63 + 383 = 4*o. Calculate the greatest common factor of z and o.
25
Let a be (1 + -1 + 3)*1945/(-15). Let r = 464 + a. What is the highest common factor of 15 and r?
15
Let a = 11 + 4. Let b = -1018 + 1363. Calculate the highest common divisor of a and b.
15
Suppose 7*w - 47568 = -26*z + 23*z, 27180 = 4*w + 2*z. What is the greatest common factor of 2781 and w?
309
Let r be ((-2)/(-4))/((-19)/(-114)). Let j = 51 + 33. Suppose -x = 2*s - 42, -3*s - s + x = -j. Calculate the highest common divisor of s and r.
3
Let x be (-69)/(-46)*110/3. What is the highest common factor of x and 341?
11
Let o = 139 - 71. Let x = -56 + o. Suppose -x = -6*z + 6. Calculate the highest com